it of 32469347?
2
What is the thousands digit of 9068766?
8
What is the units digit of 9627093?
3
What is the hundreds digit of 7554087?
0
What is the hundred thousands digit of 1920118?
9
What is the tens digit of 17163290?
9
What is the thousands digit of 533953?
3
What is the tens digit of 42451?
5
What is the hundred thousands digit of 282040?
2
What is the hundreds digit of 3528173?
1
What is the thousands digit of 950880?
0
What is the tens digit of 291847?
4
What is the ten thousands digit of 4627243?
2
What is the thousands digit of 291955?
1
What is the millions digit of 2712666?
2
What is the tens digit of 130298?
9
What is the hundred thousands digit of 635769?
6
What is the hundred thousands digit of 638185?
6
What is the ten thousands digit of 11326?
1
What is the units digit of 5984327?
7
What is the units digit of 18006465?
5
What is the hundred thousands digit of 1934430?
9
What is the hundred thousands digit of 360551?
3
What is the tens digit of 2750001?
0
What is the ten thousands digit of 6157202?
5
What is the hundreds digit of 9005553?
5
What is the thousands digit of 1027842?
7
What is the units digit of 437546?
6
What is the hundred thousands digit of 1163845?
1
What is the ten thousands digit of 919351?
1
What is the units digit of 13075576?
6
What is the thousands digit of 21421927?
1
What is the thousands digit of 758551?
8
What is the hundred thousands digit of 1374482?
3
What is the ten thousands digit of 417380?
1
What is the hundreds digit of 145050?
0
What is the ten thousands digit of 845459?
4
What is the hundreds digit of 51528?
5
What is the hundreds digit of 53744?
7
What is the hundred thousands digit of 270516?
2
What is the hundred thousands digit of 1106844?
1
What is the ten thousands digit of 2909256?
0
What is the units digit of 67776?
6
What is the millions digit of 2716604?
2
What is the thousands digit of 1521492?
1
What is the tens digit of 20669055?
5
What is the hundred thousands digit of 2778656?
7
What is the ten thousands digit of 3031084?
3
What is the hundred thousands digit of 5058851?
0
What is the hundreds digit of 435292?
2
What is the ten thousands digit of 2264436?
6
What is the millions digit of 7143835?
7
What is the ten thousands digit of 11691376?
9
What is the tens digit of 5105232?
3
What is the tens digit of 866678?
7
What is the ten thousands digit of 9499216?
9
What is the thousands digit of 573872?
3
What is the units digit of 264804?
4
What is the thousands digit of 1166267?
6
What is the tens digit of 2248608?
0
What is the tens digit of 864033?
3
What is the tens digit of 223834?
3
What is the hundreds digit of 2530682?
6
What is the ten thousands digit of 1876304?
7
What is the units digit of 4512784?
4
What is the hundreds digit of 411507?
5
What is the units digit of 262279?
9
What is the millions digit of 7405885?
7
What is the tens digit of 221024?
2
What is the thousands digit of 3857296?
7
What is the hundred thousands digit of 2478964?
4
What is the hundreds digit of 2343778?
7
What is the ten thousands digit of 154706?
5
What is the units digit of 29275574?
4
What is the hundreds digit of 971284?
2
What is the hundred thousands digit of 101653?
1
What is the millions digit of 1661295?
1
What is the hundred thousands digit of 1974246?
9
What is the units digit of 746984?
4
What is the ten thousands digit of 289136?
8
What is the ten thousands digit of 225100?
2
What is the thousands digit of 20886547?
6
What is the thousands digit of 20364918?
4
What is the thousands digit of 9790122?
0
What is the ten thousands digit of 3617215?
1
What is the thousands digit of 2478768?
8
What is the hundreds digit of 1693245?
2
What is the thousands digit of 1365988?
5
What is the units digit of 172781?
1
What is the millions digit of 1118702?
1
What is the ten thousands digit of 18403252?
0
What is the ten millions digit of 10260533?
1
What is the units digit of 280460?
0
What is the hundred thousands digit of 254530?
2
What is the hundred thousands digit of 9640321?
6
What is the hundreds digit of 622109?
1
What is the ten thousands digit of 2705534?
0
What is the hundred thousands digit of 11064862?
0
What is the thousands digit of 186971?
6
What is the ten thousands digit of 93954?
9
What is the hundred thousands digit of 576296?
5
What is the hundred thousands digit of 873541?
8
What is the ten thousands digit of 290265?
9
What is the ten thousands digit of 8063174?
6
What is the hundred thousands digit of 10120362?
1
What is the tens digit of 4401753?
5
What is the units digit of 2830?
0
What is the hundred thousands digit of 1966056?
9
What is the hundred thousands digit of 1055714?
0
What is the tens digit of 25416728?
2
What is the hundred thousands digit of 1677131?
6
What is the hundreds digit of 23992?
9
What is the units digit of 3192031?
1
What is the units digit of 26551?
1
What is the units digit of 1884892?
2
What is the ten thousands digit of 327763?
2
What is the units digit of 188190?
0
What is the ten thousands digit of 4025125?
2
What is the units digit of 269597?
7
What is the hundreds digit of 374365?
3
What is the millions digit of 1148394?
1
What is the tens digit of 3808483?
8
What is the hundred thousands digit of 221409?
2
What is the units digit of 2172390?
0
What is the thousands digit of 2074100?
4
What is the ten thousands digit of 898055?
9
What is the tens digit of 166212?
1
What is the ten thousands digit of 9153778?
5
What is the hundreds digit of 117389?
3
What is the millions digit of 5223034?
5
What is the hundreds digit of 3800133?
1
What is the tens digit of 1945317?
1
What is the thousands digit of 1480983?
0
What is the units digit of 1678440?
0
What is the units digit of 246881?
1
What is the hundreds digit of 227726?
7
What is the hundreds digit of 2574389?
3
What is the ten thousands digit of 16182?
1
What is the millions digit of 5872757?
5
What is the units digit of 835049?
9
What is the millions digit of 1540304?
1
What is the thousands digit of 4271136?
1
What is the units digit of 86356?
6
What is the thousands digit of 143576?
3
What is the thousands digit of 169906?
9
What is the units digit of 1880118?
8
What is the units digit of 5096708?
8
What is the millions digit of 23851396?
3
What is the hundreds digit of 6521177?
1
What is the units digit of 421490?
0
What is the thousands digit of 2333239?
3
What is the hundred thousands digit of 3307208?
3
What is the ten thousands digit of 93448?
9
What is the units digit of 7072666?
6
What is the ten thousands digit of 17912230?
1
What is the tens digit of 39194134?
3
What is the hundred thousands digit of 1217867?
2
What is the millions digit of 5248223?
5
What is the ten thousands digit of 265690?
6
What is the thousands digit of 13228747?
8
What is the hundreds digit of 6847934?
9
What is the tens digit of 532802?
0
What is the hundreds digit of 575334?
3
What is the ten thousands digit of 167814?
6
What is the ten thousands digit of 2260423?
6
What is the tens digit of 7386?
8
What is the ten thousands digit of 6728024?
2
What is the units digit of 120154?
4
What is the thousands digit of 1309195?
9
What is the units digit of 50644?
4
What is the millions digit of 4280010?
4
What is the thousands digit of 838864?
8
What is the tens digit of 2373572?
7
What is the tens digit of 6990982?
8
What is the thousands digit of 4346307?
6
What is the hundred thousands digit of 1744569?
7
What is the thousands digit of 11203518?
3
What is the ten thousands digit of 1141177?
4
What is the tens digit of 2112320?
2
What is the units digit of 1694930?
0
What is the tens digit of 91074?
7
What is the hundreds digit of 487400?
4
What is the ten thousands digit of 28492?
2
What is the tens digit of 355041?
4
What is the tens digit of 6701055?
5
What is the tens digit of 392758?
5
What is the tens digit of 1416505?
0
What is the thousands digit of 67389?
7
What is the hundred thousands digit of 9281114?
2
What is the ten thousands digit of 173664?
7
What is the ten millions digit of 15946321?
1
What is the units digit of 7886017?
7
What is the units digit of 300915?
5
What is the millions digit of 7899920?
7
What is the hundreds digit of 37646?
6
What is the hundreds digit of 12963409?
4
